 base 7, what is -41016565 + -46?
-41016644
In base 10, what is -2070 - 8929?
-10999
In base 14, what is 3206c07 - 0?
3206c07
In base 8, what is 236 + 353220?
353456
In base 3, what is -220 - 22212101110221?
-22212101111211
In base 15, what is 1 + -23982?
-23981
In base 2, what is 111000 + 101011000011001?
101011001010001
In base 11, what is 10536a1 + 1?
10536a2
In base 16, what is 3 - -65d529?
65d52c
In base 12, what is 3949 - -3b69?
78b6
In base 6, what is 5 + -203332033?
-203332024
In base 2, what is 1001101110000100000001101001 - 100?
1001101110000100000001100101
In base 16, what is 8 - 172381?
-172379
In base 6, what is -22345243 + 1053?
-22344150
In base 5, what is 10002000120 + -32?
10002000033
In base 14, what is -21b2b81 - -3?
-21b2b7c
In base 11, what is -2 + 30439104?
30439102
In base 7, what is -112344563 - 2?
-112344565
In base 15, what is -17b - -486b83?
486a07
In base 5, what is 14224 - 3300?
10424
In base 7, what is -30503135 + 46?
-30503056
In base 13, what is -4 - -2742a1?
27429a
In base 12, what is 1372a - 27a?
13470
In base 14, what is 3dc5294 + 1?
3dc5295
In base 8, what is -1637742 + 1043?
-1636677
In base 4, what is 312321332013 - 21?
312321331332
In base 11, what is -21 - 1317317?
-1317338
In base 9, what is 12610114 + 0?
12610114
In base 5, what is 34114 - -20104311?
20143430
In base 4, what is 201320222033 - 1013?
201320221020
In base 2, what is 101001111110100 + -11111?
101001111010101
In base 14, what is -c81 - 672?
-1513
In base 13, what is -89b + 5c81?
53b3
In base 3, what is -211002020110000 + -2?
-211002020110002
In base 15, what is 981 - 781?
200
In base 3, what is -112201221122 + -2010?
-112202000202
In base 11, what is 118 - 1001a?
-aa02
In base 6, what is 242023335 + 5?
242023344
In base 5, what is 2 + -301114222?
-301114220
In base 10, what is -272484114 + -1?
-272484115
In base 10, what is -34339130 - -5?
-34339125
In base 10, what is -4872 - 631?
-5503
In base 11, what is a - -1204564?
1204573
In base 5, what is -10140313022112 - 1?
-10140313022113
In base 2, what is -101000000010110000111 - -11101?
-101000000010101101010
In base 7, what is 566503 - 346?
566124
In base 16, what is -2 + -c87e27?
-c87e29
In base 7, what is -5 + -10623126?
-10623134
In base 2, what is -1100100001010110 - 10101111001010?
-1111010000100000
In base 14, what is -1c69 - -2?
-1c67
In base 11, what is 5392369 + 10?
5392379
In base 15, what is 8517cd4 + -2?
8517cd2
In base 10, what is -32 - -104358?
104326
In base 2, what is -1100110011001000100001 + -101?
-1100110011001000100110
In base 7, what is -102 + -4026113?
-4026215
In base 3, what is -2 + 1020120102011221?
1020120102011212
In base 7, what is 61 + -10622016?
-10621625
In base 4, what is -2233323 + -2132020?
-11032003
In base 7, what is -3 + 305332356?
305332353
In base 8, what is -50364 - -445?
-47717
In base 16, what is -1476941 + -17?
-1476958
In base 14, what is -1419c5c + 0?
-1419c5c
In base 11, what is 20798 - -81?
20869
In base 9, what is 1 - 12018857?
-12018856
In base 8, what is 524407 - 411?
523776
In base 9, what is 6 + 337886?
338003
In base 5, what is -14334342400 - -1?
-14334342344
In base 7, what is 6652 - -652235?
662220
In base 15, what is -29 + 135b?
1332
In base 10, what is -130941110 - 0?
-130941110
In base 6, what is -2413014000 + 4?
-2413013552
In base 2, what is 1001010 + 1000000100000011110011?
1000000100000100111101
In base 9, what is -16672118 + 25?
-16672083
In base 6, what is 25013103 - 115?
25012544
In base 16, what is -3155 + 1e0?
-2f75
In base 16, what is 110757f - -5?
1107584
In base 12, what is 188098 - -7?
1880a3
In base 12, what is -4ab7a0 + 1?
-4ab79b
In base 4, what is 1020312012131 + 10?
1020312012201
In base 9, what is -808 + -1038288?
-1040207
In base 13, what is -29 + -86770?
-86799
In base 11, what is -10 + -54977?
-54987
In base 13, what is -683 + 14113?
13760
In base 12, what is 43722 + -485?
43259
In base 13, what is -b7c + bc2?
43
In base 3, what is 212120121 + -111110102?
101010012
In base 12, what is -9065 + -75?
-911a
In base 6, what is -3 - 141001424?
-141001431
In base 8, what is 16 - -14350132?
14350150
In base 12, what is bbba - 134?
ba86
In base 15, what is 2 - 12aa91?
-12aa8e
In base 12, what is 2 - -20a08a9?
20a08ab
In base 11, what is -170a1 + -92?
-17183
In base 4, what is -12001 + -10103112203?
-10103130210
In base 5, what is -4431442 - -241?
-4431201
In base 16, what is -75212 - bd5?
-75de7
In base 6, what is 11 - 403152352?
-403152341
In base 6, what is -15 - -254250211?
254250152
In base 6, what is 4341023123 - 4?
4341023115
In base 8, what is -1032524 + 203?
-1032321
In base 14, what is b6 - -267d?
2755
In base 6, what is 20514 - 24421?
-3503
In base 3, what is -20220102111 - 2?
-20220102120
In base 8, what is 37034115 - 47?
37034046
In base 16, what is -40e2 - -215?
-3ecd
In base 13, what is -369198 + -3?
-36919b
In base 16, what is -6 + -a215f?
-a2165
In base 5, what is -3 + 1243420030?
1243420022
In base 11, what is -46 - 93547?
-93592
In base 10, what is 1423 + -5718?
-4295
In base 13, what is 525598 - -61?
525629
In base 4, what is 10011002320102 + -2?
10011002320100
In base 13, what is -2 + -650b31?
-650b33
In base 14, what is 463 + -169d?
-123a
In base 15, what is 5660d6b - -4?
5660d70
In base 6, what is -12214311 - 23?
-12214334
In base 5, what is -201332400122 + 2?
-201332400120
In base 7, what is -351332 + -3236?
-354601
In base 4, what is 110320200 + -33121?
110221013
In base 6, what is 240230 + -32443?
203343
In base 11, what is -5 - 67a999?
-67a9a3
In base 13, what is 3 - -87a745?
87a748
In base 5, what is -23244120 + -3101?
-23302221
In base 10, what is -17316 + -16282?
-33598
In base 16, what is b5046e + 2?
b50470
In base 9, what is -7746727 - 8?
-7746736
In base 4, what is -2 + -12023230323?
-12023230331
In base 5, what is 243120102 + -301?
243114301
In base 9, what is 31 - -350202?
350233
In base 4, what is 2103020 - -113130?
2222210
In base 7, what is -24 + 2052162?
2052135
In base 16, what is -68559fc + -1?
-68559fd
In base 16, what is 3 + 1acf86?
1acf89
In base 8, what is 474556360 + 5?
474556365
In base 10, what is 2 + -70980?
-70978
In base 14, what is -1608523 + -1?
-1608524
In base 6, what is 1112020 - 31010?
1041010
In base 2, what is -110101110000100001001 + 101111?
-110101110000011011010
In base 3, what is -1 - -121012212020001012?
121012212020001011
In base 10, what is -136586412 + 1?
-136586411
In base 16, what is -85 + 101bd?
10138
In base 16, what is -12bc + 19de?
722
In base 10, what is -1 + -485301637?
-485301638
In base 4, what is 102011300 + 11320?
102023220
In base 9, what is 237 + -48536?
-48288
In base 7, what is 3 - 15255266?
-15255263
In base 6, what is 5443 + 400302?
410145
In base 9, what is -744034 - -5?
-744028
In base 14, what is -43 - 1d28dd7?
-1d2903a
In base 10, what is 10932 - -12805?
23737
In base 11, what is -a59 + -15134?
-16092
In base 7, what is -4 - -120005250?
120005243
In base 7, what is 43212440 + 102?
43212542
In base 8, what is -5736 + -7021?
-14757
In base 6, what is -2220 + -131125?
-133345
In base 12, what is 60b9 - -1557?
7654
In base 13, what is -2459 - 77946?
-7a0a2
In base 6, what is 44233025003 + 4?
44233025011
In base 11, what is -3008319 + 0?
-3008319
In base 14, what is 5 - -716c0a8?
716c0ad
In base 8, what is 23642 - -7467?
33331
In base 2, what is -100 + -100101000100011100101?
-100101000100011101001
In base 5, what is -202 - 20001104?
-20001311
In base 5, what is -303 - 12230223?
-12231031
In base 14, what is -964 + 15880?
14d1a
In base 9, what is 2058473474 - 3?
2058473471
In base 3, what is 211210011000 - -1112120?
211211200120
In base 14, what is 12147 + -4c5?
11a62
In base 7, what is 211 + 52306540?
52310051
In base 10, what is 6583 - 1273?
5310
In base 16, what is 7 - -1512aaf?
1512ab6
In base 9, what is -25 - 248704?
-248730
In base 16, what is 409b9e6 + f?
409b9f5
In base 2, what is -10000011 + 11110011100011?
11110001100000
In base 6, what is -4 + -1410255?
-1410303
In base 6, what is 311 + -12324350?
-12324035
In base 10, what is 1 + 15179577?
15179578
In base 14, what is -10 + -124775?
-124785
In base 3, what is -110110202 - -22221002?
-10112200
In base 12, what is 2 + 85000a8?
85000aa
In base 7, what is -14652346 + 5?
-146523